of r and 22.
22
Let c = -8859 + 9479. What is the highest common factor of c and 5828?
124
Let z = 37 + -34. Suppose -9 = 2*k - 4*r + 7, -z*k + 26 = 4*r. Suppose -10*i = -k*i - 24. What is the greatest common factor of i and 3?
3
Let u(j) = -j**2 + 16*j - 36. Let q be u(13). Suppose 4*i - 340 = -4*p, -8*i - 4*p + 420 = -q*i. What is the highest common factor of 16 and i?
16
Suppose 3*v + 11 = -2*l + 77, -2*l = 5*v - 70. Calculate the greatest common divisor of 140 and l.
10
Let d(i) be the first derivative of -4*i**3/3 + 39*i**2/2 + 12*i + 13. Let p be d(9). Let l = 342 + -225. Calculate the highest common factor of p and l.
39
Suppose -2*v + 173*r - 171*r = 200, 2*v = -4*r - 194. Let c = -216 + 128. Let y = c - v. What is the highest common divisor of y and 77?
11
Let i be 56*16/128 + 41. Let m = -45 + 129. What is the greatest common factor of m and i?
12
Suppose 6*w - 80 = 2*w. Let o(d) = -139*d**2 - 581*d. Let h be o(-4). Calculate the highest common factor of h and w.
20
Let t = -154 + 156. Suppose -4*u - 5*w + 1610 = 0, 2*w = -t*u - 3*w + 800. What is the highest common divisor of 15 and u?
15
Suppose -10*k - 2*r - 38 = -11*k, -5 = 5*r. Calculate the highest common divisor of 747 and k.
9
Let i = 99 + -88. Suppose -i*p + 8*p = 2*t + 131, 91 = -2*t + 5*p. Let f = -29 - t. Calculate the highest common factor of 145 and f.
29
Let q(w) = -17*w - 6. Let n be q(-1). Let r be ((-354)/11)/(-1) - 2/n. Calculate the greatest common divisor of 40 and r.
8
Let y(j) = -940*j**3 - 6*j**2 + 11*j - 4. Let v be y(1). Let a = v + 1110. Calculate the greatest common factor of 9 and a.
9
Suppose 3*f - 252 = 2*l, -4*f - 3*l = -5*f + 84. Suppose 0 = 2*c - 9*c + f. Let u be 40/c*5/(25/3). Calculate the highest common divisor of 4 and u.
2
Let i(l) = 178*l + 1586. Let x be i(0). Calculate the greatest common factor of x and 234.
26
Suppose q + 5*q = 444. Suppose 2*f + 2*x - 2 = q, 4*f + 3*x - 157 = 0. What is the greatest common divisor of f and 344?
43
Suppose 9*p = 19 + 17. Suppose p*u - 2209 = -2197. What is the highest common divisor of u and 14?
1
Let s = -223 + 221. Let t(v) = -224*v + 63. Let h be t(s). What is the highest common factor of h and 7?
7
Let v = 2132 + -2056. Let s = 2 + 0. Suppose 0 = 5*w - 5*k - 85, -4*w - 2*k = s*k - v. Calculate the highest common factor of w and 126.
18
Suppose -5*d = 5*q + 460, -4*d - 5*q = -6*d - 149. Let n = d - -104. Calculate the highest common divisor of n and 136.
17
Suppose -37*p + 2363 + 3187 = 0. What is the greatest common factor of p and 850?
50
Suppose 0 = 4*b + 5 - 13, -38 = -2*m + b. Suppose m*a - 7*a - 143 = 0. What is the highest common factor of a and 539?
11
Let g(o) = 11*o - 3. Let t be g(1). Suppose t = 4*v, 0 = 2*w - 3*w + 2*v - 1. Suppose w*x + 0*x - 24 = 0. Calculate the greatest common factor of x and 6.
2
Let v = -69 + 72. Suppose -6*c + 6 = -v*c, 32 = j - 4*c. Suppose -21*r = -25*r + j. Calculate the highest common divisor of 4 and r.
2
Let v(h) = -2*h + 30. Let i = -165 - -174. Let s be v(i). Let o(a) = -7*a + 2. Let l be o(-4). Calculate the greatest common factor of s and l.
6
Suppose 4*p + 2*q = 26, -5*p - 4*q = -0*p - 40. Suppose -3*k + 77 = 4*m, -31 = -2*m - 5*k + p. Calculate the highest common factor of m and 300.
20
Suppose 659 + 126 + 279 = 38*y. What is the highest common divisor of 340 and y?
4
Let l be 2 + (3 - 3) - 2476/(-2). Let h(o) = 923*o + 963. Let x be h(-1). Calculate the greatest common factor of l and x.
40
Let f = 2 - -194. Let m(t) = -t**3 - 12*t**2 + 12*t + 16. Let a be m(-15). Let b = 539 - a. What is the greatest common factor of f and b?
28
Let v be 0/22 + (-1 - -5). Suppose 8*g = v*g - 4080. Let q be ((-8)/(-5))/((-12)/g). What is the greatest common factor of q and 17?
17
Let l = 6724 + -6280. What is the highest common divisor of l and 12?
12
Let p(c) = c**2 - 17*c - 7. Let u be p(18). Let g = -2 + u. Let f be 3/(g/(-6))*(-13 - -2). Calculate the highest common factor of 44 and f.
22
Suppose -18*d + 41*d - 1140 = 8*d. Calculate the highest common divisor of d and 247.
19
Let w be (-4 - (705 - 7))/1. Let p be -3 + 2/(-4)*w/13. What is the greatest common factor of p and 9?
3
Suppose 26203 = 20*q + 28024 - 72141. What is the greatest common factor of q and 12?
12
Suppose -481*i = -453*i - 168. Let z(r) = 2*r**2 + 6*r + 7. Let h be z(-6). Suppose -i*y + 173 = -h. What is the greatest common factor of 12 and y?
12
Suppose 0 = 27*y - 32*y - 30. Let u be (-2)/3 + 4 + (-4)/y. Let h be 240/(u*9/24). Calculate the greatest common divisor of h and 20.
20
Suppose -o + 19 = -4*n + 31, -4*o = 3*n - 47. Calculate the highest common factor of 4584 and o.
8
Let f = -28 + 69. Let o = 105 - f. Suppose 8*d - 80 = o. Calculate the greatest common divisor of d and 63.
9
Let x(i) = 14*i**2 + 48*i + 54. Let k be x(0). What is the highest common factor of k and 106?
2
Let j = 130 + -135. Let h be (3/1)/(j/(-75)). What is the highest common divisor of h and 60?
15
Suppose -5*i + 477 = -2*u - 2451, -3000 = -5*i - 10*u. Calculate the greatest common factor of i and 228.
12
Let v be 12 - (28 + -23) - -3148. Calculate the highest common factor of 5 and v.
5
Suppose 0 = 2*a - 4*g + 24, -6*a + 2*g = -7*a. Let f be (-2)/(-4) - 471/a. Calculate the highest common factor of 79 and f.
79
Let t = -7 - -7. Suppose t = 2*f + 2*f - 64. Suppose -2*p - 5*i = -131 - 196, -5*i - 25 = 0. What is the greatest common divisor of f and p?
16
Suppose -153917 = -97*w + 932095. What is the highest common divisor of 108 and w?
36
Suppose 88*s - 1190 = 54*s. Calculate the greatest common factor of s and 5495.
35
Let w(i) = 2*i - 4. Let z be w(3). Let v(k) = -2*k + 4 + 2*k - 8*k**3 + k + 10*k**3 - 2*k**2. Let r be v(z). Calculate the greatest common factor of r and 2.
2
Let z be -4 + -1 + 3/(3/(-34)). Let j = 4 - z. Let i be (517 + -1)/(3/2). What is the highest common divisor of j and i?
43
Let r(f) = -f**3 - 3*f**2 + 445*f + 895. Let o be r(-2). Calculate the highest common factor of o and 431.
1
Let d be (4886/98 + -1)*56. Calculate the greatest common factor of 1152 and d.
144
Let n = 12660 + -6940. Suppose -n = -166*s + 158*s. What is the greatest common factor of s and 55?
55
Let y = 9130 - 7737. What is the highest common factor of 14 and y?
7
Suppose -4965 = -l - 5*k + 3737, 4*l = 4*k + 34904. Calculate the highest common factor of 14 and l.
14
Suppose 17*r = 19*r - 150. Let z = r - 73. Suppose -4*u + z*u = -14. What is the greatest common factor of 56 and u?
7
Let r be 2 + 1310/35 + -1 + (-55)/(-35). What is the highest common divisor of r and 545?
5
Let w = -8363 + 9761. Calculate the highest common factor of 4 and w.
2
Let o(u) = 10*u**2 - u - 2. Let x be o(-2). Let b = -1014328 - -1014398. What is the greatest common factor of x and b?
10
Let l = 460 - 334. Let z = -118 + l. Calculate the greatest common divisor of z and 44.
4
Let c(z) be the third derivative of z**6/120 - 3*z**5/20 + 5*z**4/12 - 5*z**3/2 - 146*z**2. Let r be c(9). What is the highest common factor of 125 and r?
25
Suppose 3*y = 115 - 10. Suppose 5*r + 35 = -y. Let u(b) = b**2 + 16*b + 40. Let i be u(r). What is the highest common divisor of i and 18?
6
Let s(x) = 113*x + 265. Let m(z) = -170*z - 398. Let n(g) = -5*m(g) - 8*s(g). Let y be n(-5). Calculate the greatest common divisor of 40 and y.
20
Let v be -6*(-2)/12 + (-270)/(-6). What is the greatest common factor of 8947 and v?
23
Let l(g) = g**3 + 2*g**2 - g. Let t be l(-2). Suppose 102 = -t*a + a. Let p = a + 311. What is the greatest common factor of p and 19?
19
Let u(c) = c**3 - 13*c**2 - 48*c + 16. Let t be u(16). Suppose 3*n + 2*i = 76, -2*n = n - 5*i - 104. What is the highest common factor of t and n?
4
Let w(a) = 9*a**2 - 70*a - 797. Let l be w(-16). What is the greatest common factor of 74 and l?
37
Suppose -d - 3085 = -1564 - 1545. Suppose 0 = -0*l + 2*l. Let a(g) = -g + 3. Let x be a(l). What is the greatest common divisor of x and d?
3
Suppose -4*c + 9826 = 4*y + 2006, -4*c = -2*y - 7856. Calculate the highest common divisor of c and 407.
37
Suppose -2*h = y - 97, 5*y + 232 = 5*h + 4*y. Suppose -4*j = j - 295. Let t = j - h. Calculate the highest common factor of t and 3.
3
Let u be (-87)/(-6)*(-1 + 3). Let v = u + -24. Let c(p) = p**3 - 4*p**2 - 9*p + 25. Let i b